{"id":59,"date":"2023-10-09T16:52:43","date_gmt":"2023-10-09T14:52:43","guid":{"rendered":"https:\/\/easy-edge-cloud.de\/?page_id=59"},"modified":"2025-12-02T19:40:51","modified_gmt":"2025-12-02T18:40:51","slug":"impressum","status":"publish","type":"page","link":"https:\/\/easy-edge-cloud.de\/?page_id=59","title":{"rendered":"Impressum"},"content":{"rendered":"\n<h2 class=\"wp-block-heading\">Empolis Information Management GmbH<\/h2>\n\n\n\n<p>Europaallee 10<br>67657 Kaiserslautern<br>Deutschland<\/p>\n\n\n\n<p>Telefon: (+49) 06 31 &#8211; 6 80 37-0<br>Vertriebliche Anfragen: (+49) 06 31 &#8211; 6 80 37-500<\/p>\n\n\n\n<p>Telefax: (+49) 06 31 -6 80 37-77<\/p>\n\n\n\n<p>E-Mail:&nbsp;<a href=\"mailto:info@empolis.com\">info@empolis.com<\/a><\/p>\n\n\n\n<h3 class=\"wp-block-heading\">Gesch\u00e4ftsf\u00fchrung<\/h3>\n\n\n\n<p>Andreas Kl\u00fcter<\/p>\n\n\n\n<h3 class=\"wp-block-heading\">V.i.S.d.P.<\/h3>\n\n\n\n<p>Ralph Traph\u00f6ner<br>E-Mail: ralph.traph\u00f6ner@empolis.com<\/p>\n\n\n\n<h3 class=\"wp-block-heading\">Sitz der Gesellschaft<\/h3>\n\n\n\n<p>Kaiserslautern, Germany<\/p>\n\n\n\n<h3 class=\"wp-block-heading\">Registergericht<\/h3>\n\n\n\n<p>Kaiserslautern, HRB 31317<\/p>\n\n\n\n<h3 class=\"wp-block-heading\">Steuernummer<\/h3>\n\n\n\n<p>19\/650\/14926<\/p>\n\n\n\n<h3 class=\"wp-block-heading\">USt.-Ident-Nummer<\/h3>\n\n\n\n<p>DE283285547<\/p>\n\n\n\n<h3 class=\"wp-block-heading\">IBAN<\/h3>\n\n\n\n<p>DE26478400650158249300<\/p>\n","protected":false},"excerpt":{"rendered":"<p>Empolis Information Management GmbH Europaallee 1067657 KaiserslauternDeutschland Telefon: (+49) 06 31 &#8211; 6 80 37-0Vertriebliche Anfragen: (+49) 06 31 &#8211; 6 80 37-500 Telefax: (+49) 06 31 -6 80 37-77 E-Mail:&nbsp;info@empolis.com Gesch\u00e4ftsf\u00fchrung Andreas Kl\u00fcter V.i.S.d.P. Ralph Traph\u00f6nerE-Mail: ralph.traph\u00f6ner@empolis.com Sitz der Gesellschaft Kaiserslautern, Germany Registergericht Kaiserslautern, HRB 31317 Steuernummer 19\/650\/14926 USt.-Ident-Nummer DE283285547 IBAN DE26478400650158249300<\/p>\n","protected":false},"author":2,"featured_media":0,"parent":0,"menu_order":0,"comment_status":"closed","ping_status":"closed","template":"","meta":{"footnotes":""},"class_list":["post-59","page","type-page","status-publish","hentry"],"_links":{"self":[{"href":"https:\/\/easy-edge-cloud.de\/index.php?rest_route=\/wp\/v2\/pages\/59","targetHints":{"allow":["GET"]}}],"collection":[{"href":"https:\/\/easy-edge-cloud.de\/index.php?rest_route=\/wp\/v2\/pages"}],"about":[{"href":"https:\/\/easy-edge-cloud.de\/index.php?rest_route=\/wp\/v2\/types\/page"}],"author":[{"embeddable":true,"href":"https:\/\/easy-edge-cloud.de\/index.php?rest_route=\/wp\/v2\/users\/2"}],"replies":[{"embeddable":true,"href":"https:\/\/easy-edge-cloud.de\/index.php?rest_route=%2Fwp%2Fv2%2Fcomments&post=59"}],"version-history":[{"count":3,"href":"https:\/\/easy-edge-cloud.de\/index.php?rest_route=\/wp\/v2\/pages\/59\/revisions"}],"predecessor-version":[{"id":97,"href":"https:\/\/easy-edge-cloud.de\/index.php?rest_route=\/wp\/v2\/pages\/59\/revisions\/97"}],"wp:attachment":[{"href":"https:\/\/easy-edge-cloud.de\/index.php?rest_route=%2Fwp%2Fv2%2Fmedia&parent=59"}],"curies":[{"name":"wp","href":"https:\/\/api.w.org\/{rel}","templated":true}]}}