{"id":53,"date":"2023-10-09T16:24:42","date_gmt":"2023-10-09T14:24:42","guid":{"rendered":"https:\/\/easy-edge-cloud.de\/?page_id=53"},"modified":"2023-10-09T16:24:42","modified_gmt":"2023-10-09T14:24:42","slug":"umwelt-campus-birkenfeld-der-hochschule-trier","status":"publish","type":"page","link":"https:\/\/easy-edge-cloud.de\/?page_id=53","title":{"rendered":"Umwelt Campus Birkenfeld der Hochschule Trier"},"content":{"rendered":"\n<p>Das Institut f\u00fcr Softwaresysteme (ISS) wurde 2003 als Forschungsinstitut der Hochschule Trier am Umwelt-Campus Birkenfeld gegr\u00fcndet. Im Mittelpunkt unserer Forschung steht eine an Nachhaltigkeit und Ressourceneffizienz ausgerichtete Entwicklung und Anwendung der Informationstechnik. Das ISS geh\u00f6rt damit bundesweit zu den wenigen Forschungseinrichtungen, die sich aus Perspektive der Informatik mit Fragestellungen einer nachhaltigen Entwicklung und des Umweltschutzes auseinandersetzen.<\/p>\n\n\n\n<p>Das Institut f\u00fcr Softwaresysteme hat bereits Projekterfahrung im Bereich IoT und IoT-Datenanalyse, in den Projekten \u201eIoT-Pilot\u201c (BMEL-gef\u00f6rdert, 2018-2020) und \u201eCOSY\u201c (BMBF-gef\u00f6rdert, 2017-2019), in der Erforschung und Entwicklung von Verfahren der Zeitreihendatenanalyse speziell f\u00fcr klinische Daten im Projekt \u201eIMEDALytics\u201c (BMBF, 2018-2021), sowie in der Entwicklung von Simulationen f\u00fcr die Evaluation von Algorithmen zur Zeitreihenanalyse im Projekt \u201eClaire\u201c (EIT, 2019-2020) gesammelt. Im Bereich Mobilit\u00e4t und Logistik forschte und forscht das Institut in den Projekten \u201eAPEROL\u201c (BMVI, 2018-2020) und \u201eLandLeuchten\u201c (BMVI, 2019-2023). Des Weiteren beforscht das Institut seit 2009 die systematische Modellierung (Projekt \u201eGreenSoft\u201c, 2009-2012, BMBF) und methodische Operationalisierung (Projekt \u201eUFOPLAN \u2013 Sustainable Software Design\u201c, 2015-2017, UBA) des Energie- und Ressourcenverbrauchs von Softwareprodukten, sowie dessen Transfer in Wissenschaft, Wirtschaft und die Fach\u00f6ffentlichkeit (Projekte \u201eREFOPLAN Ressourceneffiziente Software\u201c, 2018-2020, UBA und \u201eISNE\u201c, 2014-2023, MWG RLP und \u201eGreenCoding\u201c, 2022-2023, ISOC Foundation). Mit dem Blauen Engel f\u00fcr Ressourcen- und Energieeffiziente Softwareprodukte konnte das erste Umweltzeichen f\u00fcr Software verf\u00fcgbar gemacht werden. Im Messlabor werden unter anderem Fragestellungen zu ressourcenintensiver Big Data und KI-Software sowie verteilten Systemen bearbeitet.<\/p>\n\n\n\n<p>Das ISS ist mit den Arbeitsgruppen \u201cVerteilte Systeme und K\u00fcnstliche Intelligenz\u201d (Prof. Dr.-Ing. Guido Dartmann) und \u201cGreen Software Engineering\u201d (Prof. Dr. Stefan Naumann) im Projekt vertreten.<\/p>\n\n\n\n<p>Ein Aufgabenbereich des Umwelt-Campus liegt in der Entwicklung einer Methodik zur Bestimmung der Ressourceneffizienz der beteiligten IKT-Systeme. Dar\u00fcber hinaus erforschen wir Themen des Verteilten Lernens, Zero-Trust Anwendungen und unterst\u00fctzen das Konsortium in den Bereichen IT-Security und Verteilte Systeme. Ausgew\u00e4hlte Ergebnisse werden anhand eines Labordemonstrators umgesetzt, welcher sicheres f\u00f6deriertes Lernen f\u00fcr energieeffiziente Sensoren im IoT-Endknoten an die EASY-Infrastruktur anbindet.<\/p>\n\n\n\n<p><a href=\"https:\/\/www.umwelt-campus.de\/iss\">https:\/\/www.umwelt-campus.de\/iss<\/a><\/p>\n\n\n\n<p><a href=\"https:\/\/www.umwelt-campus.de\/verteilte-systeme-und-kuenstliche-intelligenz\">https:\/\/www.umwelt-campus.de\/verteilte-systeme-und-kuenstliche-intelligenz<\/a><\/p>\n\n\n\n<p><a href=\"https:\/\/www.umwelt-campus.de\/forschung\/projekte\/green-software-engineering\/home\">https:\/\/www.umwelt-campus.de\/forschung\/projekte\/green-software-engineering\/home<\/a><\/p>\n\n\n\n<figure class=\"wp-block-image size-full\"><img loading=\"lazy\" decoding=\"async\" width=\"521\" height=\"97\" src=\"https:\/\/easy-edge-cloud.de\/wp-content\/uploads\/2023\/10\/UCB.png\" alt=\"\" class=\"wp-image-36\" srcset=\"https:\/\/easy-edge-cloud.de\/wp-content\/uploads\/2023\/10\/UCB.png 521w, https:\/\/easy-edge-cloud.de\/wp-content\/uploads\/2023\/10\/UCB-300x56.png 300w\" sizes=\"auto, (max-width: 521px) 100vw, 521px\" \/><\/figure>\n","protected":false},"excerpt":{"rendered":"<p>Das Institut f\u00fcr Softwaresysteme (ISS) wurde 2003 als Forschungsinstitut der Hochschule Trier am Umwelt-Campus Birkenfeld gegr\u00fcndet. Im Mittelpunkt unserer Forschung steht eine an Nachhaltigkeit und Ressourceneffizienz ausgerichtete Entwicklung und Anwendung der Informationstechnik. Das ISS geh\u00f6rt damit bundesweit zu den wenigen Forschungseinrichtungen, die sich aus Perspektive der Informatik mit Fragestellungen einer nachhaltigen Entwicklung und des Umweltschutzes &hellip; <a href=\"https:\/\/easy-edge-cloud.de\/?page_id=53\" class=\"more-link\"><span class=\"screen-reader-text\">Umwelt Campus Birkenfeld der Hochschule Trier<\/span> weiterlesen<\/a><\/p>\n","protected":false},"author":2,"featured_media":0,"parent":0,"menu_order":0,"comment_status":"closed","ping_status":"closed","template":"","meta":{"footnotes":""},"class_list":["post-53","page","type-page","status-publish","hentry"],"_links":{"self":[{"href":"https:\/\/easy-edge-cloud.de\/index.php?rest_route=\/wp\/v2\/pages\/53","targetHints":{"allow":["GET"]}}],"collection":[{"href":"https:\/\/easy-edge-cloud.de\/index.php?rest_route=\/wp\/v2\/pages"}],"about":[{"href":"https:\/\/easy-edge-cloud.de\/index.php?rest_route=\/wp\/v2\/types\/page"}],"author":[{"embeddable":true,"href":"https:\/\/easy-edge-cloud.de\/index.php?rest_route=\/wp\/v2\/users\/2"}],"replies":[{"embeddable":true,"href":"https:\/\/easy-edge-cloud.de\/index.php?rest_route=%2Fwp%2Fv2%2Fcomments&post=53"}],"version-history":[{"count":1,"href":"https:\/\/easy-edge-cloud.de\/index.php?rest_route=\/wp\/v2\/pages\/53\/revisions"}],"predecessor-version":[{"id":54,"href":"https:\/\/easy-edge-cloud.de\/index.php?rest_route=\/wp\/v2\/pages\/53\/revisions\/54"}],"wp:attachment":[{"href":"https:\/\/easy-edge-cloud.de\/index.php?rest_route=%2Fwp%2Fv2%2Fmedia&parent=53"}],"curies":[{"name":"wp","href":"https:\/\/api.w.org\/{rel}","templated":true}]}}