{"id":44,"date":"2023-10-09T16:16:07","date_gmt":"2023-10-09T14:16:07","guid":{"rendered":"https:\/\/easy-edge-cloud.de\/?page_id=44"},"modified":"2023-10-09T16:16:07","modified_gmt":"2023-10-09T14:16:07","slug":"coboworx-gmbh","status":"publish","type":"page","link":"https:\/\/easy-edge-cloud.de\/?page_id=44","title":{"rendered":"coboworx GmbH"},"content":{"rendered":"\n<p>coboworx entwickelt prozessfertige Industrieroboter und roboterbasierte Automatisierungsl\u00f6sungen f\u00fcr ein breites Spektrum an Anwendungen. Das deutsche Start-up, mit den Standorten in Salmtal, Dresden und Berlin, fokussiert sich dabei auf kleine und mittelst\u00e4ndische Unternehmen.<\/p>\n\n\n\n<p>Mit dem Online-Konfigurator verk\u00fcrzt das KMU-orientierte coboworx-Team den Beschaffungsprozess auf wenige Wochen. Als Aufbauzeit inklusive Inbetriebnahme reichen zwei Tage \u2013 Schulung inklusive. Das erm\u00f6glicht KMU einen schnellen Produktionsstart und kurze Amortisationszeiten.<\/p>\n\n\n\n<p>Das integrierte Roboter-\u00d6kosystem von coboworx basiert auf einem Baukasten und erlaubt durch das offene Systemdesign einen unkomplizierten, \u00fcbersichtlichen Aufbau. Die standardisierten Module lassen sich auch ohne Expertenwissen auf Kundenseite zum Einsatz bringen und bedienen. Ein optionales, umfangreiches Servicepaket bis hin zur Fernwartung sichert die Anlagenverf\u00fcgbarkeit. Neben der Hardware entwickelt das Unternehmen eine Online-Plattform und einen Software-Store, der auch Raum f\u00fcr externe Software-Entwickler l\u00e4sst und zu einem App-Store f\u00fcr moderne Robotik f\u00fchren wird. Alle Automatisierungsl\u00f6sungen gibt es bei coboworx auch als Robot-as-a-Service zur Miete ab 1.499,- \u20ac im Monat.<\/p>\n\n\n\n<p>coboworx bietet Automatisierungsl\u00f6sungen als Dienstleistung und als Rundum-Sorglos-Paket an: Dazu geh\u00f6ren Dokumentation, CE-Erkl\u00e4rung, Schulungen, Service und Wartung.<\/p>\n\n\n\n<p>Gegr\u00fcndet wurde das Unternehmen von ehemaligen Managern und Unternehmern der Automatisierungsbranche Ralf Zeisberger, Olaf Gehrels, Klaus Wagner und Georg Matheus. Zusammen legen sie \u00fcber 100 Jahre Erfahrung in der Roboterbranche sowie nachhaltige Erfolge im Generieren von profitablem Wachstum in die Waagschale. Hinter coboworx steht au\u00dferdem ein schnell wachsendes, interdisziplin\u00e4res Team von \u00fcber 25 Experten und Expertinnen, die sich f\u00fcr Robotik, Technologie und digitale Transformation begeistern. So dynamisch wie ein junges Start-up, aber mit mehr als einem Jahrhundert an unsch\u00e4tzbarer Branchenerfahrung.<\/p>\n\n\n\n<figure class=\"wp-block-image size-full\"><a href=\"https:\/\/www.coboworx.com\/\"><img loading=\"lazy\" decoding=\"async\" width=\"245\" height=\"96\" src=\"https:\/\/easy-edge-cloud.de\/wp-content\/uploads\/2023\/10\/coboworx.jpeg\" alt=\"\" class=\"wp-image-28\"\/><\/a><\/figure>\n","protected":false},"excerpt":{"rendered":"<p>coboworx entwickelt prozessfertige Industrieroboter und roboterbasierte Automatisierungsl\u00f6sungen f\u00fcr ein breites Spektrum an Anwendungen. Das deutsche Start-up, mit den Standorten in Salmtal, Dresden und Berlin, fokussiert sich dabei auf kleine und mittelst\u00e4ndische Unternehmen. Mit dem Online-Konfigurator verk\u00fcrzt das KMU-orientierte coboworx-Team den Beschaffungsprozess auf wenige Wochen. Als Aufbauzeit inklusive Inbetriebnahme reichen zwei Tage \u2013 Schulung inklusive. Das &hellip; <a href=\"https:\/\/easy-edge-cloud.de\/?page_id=44\" class=\"more-link\"><span class=\"screen-reader-text\">coboworx GmbH<\/span> weiterlesen<\/a><\/p>\n","protected":false},"author":2,"featured_media":0,"parent":0,"menu_order":0,"comment_status":"closed","ping_status":"closed","template":"","meta":{"footnotes":""},"class_list":["post-44","page","type-page","status-publish","hentry"],"_links":{"self":[{"href":"https:\/\/easy-edge-cloud.de\/index.php?rest_route=\/wp\/v2\/pages\/44","targetHints":{"allow":["GET"]}}],"collection":[{"href":"https:\/\/easy-edge-cloud.de\/index.php?rest_route=\/wp\/v2\/pages"}],"about":[{"href":"https:\/\/easy-edge-cloud.de\/index.php?rest_route=\/wp\/v2\/types\/page"}],"author":[{"embeddable":true,"href":"https:\/\/easy-edge-cloud.de\/index.php?rest_route=\/wp\/v2\/users\/2"}],"replies":[{"embeddable":true,"href":"https:\/\/easy-edge-cloud.de\/index.php?rest_route=%2Fwp%2Fv2%2Fcomments&post=44"}],"version-history":[{"count":1,"href":"https:\/\/easy-edge-cloud.de\/index.php?rest_route=\/wp\/v2\/pages\/44\/revisions"}],"predecessor-version":[{"id":45,"href":"https:\/\/easy-edge-cloud.de\/index.php?rest_route=\/wp\/v2\/pages\/44\/revisions\/45"}],"wp:attachment":[{"href":"https:\/\/easy-edge-cloud.de\/index.php?rest_route=%2Fwp%2Fv2%2Fmedia&parent=44"}],"curies":[{"name":"wp","href":"https:\/\/api.w.org\/{rel}","templated":true}]}}